0.
2, 5, 139, 1338331
List the prime factors of 254124753.
3, 19, 73, 157, 389
What are the prime factors of 4858902315?
3, 5, 5581, 6449
What are the prime factors of 73411593?
3, 17, 1439443
What are the prime factors of 831647546?
2, 109, 619, 6163
What are the prime factors of 38473251?
3, 59, 217363
List the prime factors of 6471280297.
6471280297
List the prime factors of 315544050.
2, 3, 5, 701209
List the prime factors of 44937322.
2, 43, 53, 9859
List the prime factors of 240266827.
29, 8285063
List the prime factors of 1938079661.
7, 863, 320821
What are the prime factors of 50405028?
2, 3, 4200419
What are the prime factors of 236094336?
2, 3, 29, 37, 191
List the prime factors of 23773847.
23773847
What are the prime factors of 44407508?
2, 11101877
List the prime factors of 149381002.
2, 19, 31, 173, 733
List the prime factors of 65812501.
65812501
What are the prime factors of 2646698183?
2646698183
List the prime factors of 276178933.
191, 1445963
List the prime factors of 174049490.
2, 5, 17404949
List the prime factors of 4934583058.
2, 101, 151, 161779
What are the prime factors of 6172786?
2, 23, 134191
List the prime factors of 973719284.
2, 383, 467, 1361
What are the prime factors of 49978550?
2, 5, 19, 52609
List the prime factors of 63801744.
2, 3, 659, 2017
What are the prime factors of 38713464?
2, 3, 59743
What are the prime factors of 2654267184?
2, 3, 41, 277, 541
List the prime factors of 2067547.
2067547
List the prime factors of 46593712.
2, 11, 41, 587
What are the prime factors of 465740740?
2, 5, 43, 337, 1607
List the prime factors of 1690513947.
3, 187834883
What are the prime factors of 602510014?
2, 47, 6409681
List the prime factors of 62782922.
2, 31391461
What are the prime factors of 4273314016?
2, 19, 7028477
List the prime factors of 890010195.
3, 5, 59334013
List the prime factors of 549098826.
2, 3, 23, 172999
What are the prime factors of 152349255?
3, 5, 376171
What are the prime factors of 932286488?
2, 7, 16647973
List the prime factors of 2017935507.
3, 7, 29, 1013, 3271
List the prime factors of 3489326.
2, 1744663
List the prime factors of 229756468.
2, 57439117
What are the prime factors of 161955861?
3, 103, 127, 4127
List the prime factors of 771900958.
2, 385950479
List the prime factors of 158518693.
17, 37, 252017
List the prime factors of 7556962126.
2, 7, 139, 173, 22447
List the prime factors of 60008588.
2, 353, 42499
What are the prime factors of 7742220?
2, 3, 5, 129037
What are the prime factors of 6995226?
2, 3, 7, 151, 1103
List the prime factors of 104566385.
5, 7, 11, 24691
What are the prime factors of 2465617299?
3, 821872433
List the prime factors of 482543138.
2, 7, 11, 3133397
What are the prime factors of 12525540?
2, 3, 5, 208759
List the prime factors of 6578258.
2, 991, 3319
What are the prime factors of 174970167?
3, 58323389
List the prime factors of 3289198556.
2, 7, 17, 47, 233, 631
What are the prime factors of 4004101189?
11, 83, 89, 49277
List the prime factors of 39983268.
2, 3, 13, 73, 3511
List the prime factors of 626583292.
2, 19, 8244517
What are the prime factors of 24655362?
2, 3, 4109227
What are the prime factors of 3004887932?
2, 751221983
List the prime factors of 96709265.
5, 1163, 16631
What are the prime factors of 30607585?
5, 6121517
What are the prime factors of 418184380?
2, 5, 47, 444877
List the prime factors of 38567838.
2, 3, 37, 173729
List the prime factors of 604810467.
3, 241, 278843
List the prime factors of 3178531735.
5, 17, 37394491
List the prime factors of 213798953.
17, 83, 151523
What are the prime factors of 26695975?
5, 233, 4583
What are the prime factors of 2097590027?
13, 83, 1944013
List the prime factors of 63772150.
2, 5, 13, 7547
What are the prime factors of 54553943?
181, 301403
List the prime factors of 3979600812.
2, 3, 11, 433, 23209
List the prime factors of 321203592.
2, 3, 4461161
What are the prime factors of 1236103363?
11, 37, 3037109
List the prime factors of 58673871.
3, 257, 25367
What are the prime factors of 1524506844?
2, 3, 7, 2179, 8329
What are the prime factors of 3592840886?
2, 1796420443
What are the prime factors of 897234037?
7, 41, 443, 7057
What are the prime factors of 37561187?
37561187
List the prime factors of 21540168.
2, 3, 13, 2557
List the prime factors of 56010796.
2, 23, 601, 1013
List the prime factors of 994468718.
2, 59, 8427701
What are the prime factors of 738144951?
3, 12037, 20441
List the prime factors of 74212453.
7, 43, 373, 661
List the prime factors of 38622573.
3, 11, 19, 20533
What are the prime factors of 29011369?
43, 674683
List the prime factors of 1489569367.
11, 13, 1699, 6131
What are the prime factors of 154648768?
2, 157, 15391
What are the prime factors of 180649815?
3, 5, 19, 73, 457
List the prime factors of 953666378.
2, 7, 47, 229, 6329
List the prime factors of 1427547573.
3, 158616397
List the prime factors of 32381246.
2, 1097, 14759
List the prime factors of 514240894.
2, 101, 1423, 1789
List the prime factors of 577639969.
577639969
List the prime factors of 33589879.
167, 197, 1021
List the prime factors of 122087607.
3, 40695869
What are the prime factors of 17053399?
11, 1550309
What are the prime factors of 1302899?
13, 31, 53, 61
List the prime factors of 228560353.
7, 4664497
What are the prime factors of 303117284?
2, 75779321
List the prime factors of 3677140881.
3, 1681363
List the prime factors of 1897578255.
3, 5, 941, 134437
List the prime factors of 16420740.
2, 3, 5, 7, 39097
What are the prime factors of 1405090722?
2, 3, 7, 449, 74509
What are the prime factors of 93677031?
3, 7, 73, 20369
List the prime factors of 239651334.
2, 3, 13, 1024151
What are the prime factors of 369289919?
281, 1314199
List the prime factors of 45847969.
19, 2413051
List the prime factors of 215564608.
2, 7, 481171
List the prime factors of 21927670.
2, 5, 61, 103, 349
List the prime factors of 139587809.
139587809
List the prime factors of 533750307.
3, 29, 79, 77659
What are the prime factors of 56291701?
56291701
List the prime factors of 103353965.
5, 11, 13, 17, 773
What are the prime factors of 78983093?
7, 11283299
What are the prime factors of 71053927?
7, 10150561
List the prime factors of 41970803.
7, 856547
List the prime factors of 137174681.
7, 83, 179, 1319
List the prime factors of 24286357.
43, 47, 61, 197
List the prime factors of 571273095.
3, 5, 19, 79, 25373
List the prime factors of 1279341363.
3, 47, 467, 19429
What are the prime factors of 4311027981?
3, 13, 3079, 3989
What are the prime factors of 39609173?
2087, 18979
What are the prime factors of 3389712245?
5, 409, 1657561
List the prime factors of 58477525.
5, 2339101
List the prime factors of 249368909.
157, 167, 9511
List the prime factors of 6813955669.
2531, 2692199
List the prime factors of 3491547262.
2, 7, 71, 3512623
What are the prime factors of 107331906?
2, 3, 11, 499, 3259
What are the prime factors of 2260815694?
2, 73, 15485039
What are the prime factors of 61660556?
2, 41, 375979
What are the prime factors of 2214878301?
3, 1123, 219143
What are the prime factors of 7116819649?
37, 192346477
What are the prime factors of 1734989430?
2, 3, 5, 239, 241979
List the prime factors of 147724562.
2, 83, 889907
What are the prime factors of 1360077286?
2, 293, 569, 4079
What are the prime factors of 1715787511?
23, 74599457
What are the prime factors of 6867759?
3, 19, 71, 1697
List the prime factors of 493330564.
2, 123332641
List the prime factors of 3727017.
3, 7, 59159
List the prime factors of 713105898.
2, 3, 118850983
List the prime factors of 166696051.
166696051
What are the prime factors of 908083693?
11, 499, 165437
List the prime factors of 135171674.
2, 11, 2203, 2789
List the prime factors of 104120801.
17, 6124753
What are the prime factors of 107763568?
2, 11, 55663
What are the prime factors of 263295385?
5, 101, 521377
What are the prime factors of 12405284?
2, 3101321
What are the prime factors of 497947135?
5, 7, 14227061
What are the prime factors of 44228628?
2, 3, 17, 72269
What are the prime factors of 1453113885?
3, 5, 593, 163363
List the prime factors of 9113041593.
3, 53, 131, 173, 281
What are the prime factors of 6074718259?
3529, 172